ue
Let w = -2756 + 2746. Let b(p) = 5*p**3 + 12*p**2 + 10*p - 9. Let i(m) = m**3 - m. Let f(c) = b(c) - 4*i(c). Is f(w) prime?
False
Let p(i) = -7063*i + 983. Is p(-8) a prime number?
True
Let x(a) = 2*a**2 - 3*a + 3. Let i be x(4). Let f = i + -51. Is ((-2302)/4)/(14/f) prime?
True
Let b be (12/28 + 68/(-28))*1102. Is (-3)/9*(b + 9 + -16) composite?
True
Let m(z) = -18*z**3 - 6*z**2 - 12*z + 19. Let g be m(-5). Suppose 0 = -w - 16*i + 21*i + g, i = 5*w - 10871. Is w composite?
True
Let j(r) = r**2 + 9*r + 6. Let v be j(-4). Let k be (861/v)/((-6)/40). Is 1*(-3 - -2) - (0 - k) a prime number?
True
Let u be (6/(-4))/((-33)/110). Suppose -u*n + 15132 = l + 2*l, 0 = n - 3. Is l composite?
False
Let f(d) = -59*d + 1774. Is f(7) a prime number?
True
Let d(p) = -p - 3. Let s be d(-2). Let o be -1 - s - 24/2. Let u(v) = -71*v + 27. Is u(o) a prime number?
False
Suppose -5*u - 2 + 14 = h, -2*h = -u + 9. Suppose 10 = -r - u*s, -2*s + s = r. Is 127*(-1 + r + -3) a prime number?
True
Suppose -5*m = 15, -5*m = 4*l - 2*m - 3. Suppose -l*a = -3*w + 4*w - 4305, 3*w - 1427 = -a. Suppose j + 5*q - a = 0, -6*j + 4*j = -5*q - 2797. Is j composite?
True
Let o be ((-2)/(-4)*4)/(8/(-12)). Let p(f) = -895*f - 16. Let q be p(o). Suppose -q = -3*v + g, -5*g = -g + 8. Is v a prime number?
False
Let i = 38 - -2. Suppose 15 = -2*p - 3*m, 4*m + i = 3*p - 7*p. Let v(f) = f**2 - 16*f + 14. Is v(p) a prime number?
True
Is (834192/(-360))/(8/(-10))*2 prime?
False
Let p(y) = -y**2 - 12*y + 8. Let l be p(-9). Let i(x) = -28 + 179*x + l + 47*x + 218*x. Is i(3) prime?
False
Suppose -21235 = 4*y - p, 20*y - 24*y = -3*p + 21225. Let j = y - -15263. Is j a composite number?
True
Suppose -2*y + 2*m + 27 - 3 = 0, m = -y + 8. Suppose -y*a + 3 = -13*a. Is ((-17)/85)/(a/835) composite?
False
Is 13 + (-1395)/105 - 3*(-1675414)/14 a composite number?
False
Suppose 5 = l + 18. Let k be (-2)/l - 924168/(-182). Suppose 4*t = 4670 + k. Is t composite?
False
Let z(p) = 328*p + 30026. Is z(0) a composite number?
True
Let n(b) = b**3 + 30*b**2 - 20*b - 42. Let l be n(-29). Let w = l - -3390. Is w a composite number?
True
Suppose -2*o - 3*o + 21 = 2*k, -3 = k - 2*o. Suppose k*y - 2136 = 1635. Is y a prime number?
False
Suppose -5*p = -4*f + 17802 - 1445, 0 = -3*p - 3. Is 175/(-105) - f/(-3) a composite number?
False
Let u be (1 + 7 + -5)/((-1)/(-68)). Is (-1)/4 - (-17)/(u/11895) a prime number?
True
Is -346699*((12 + -13)/(1/5) + 4) composite?
False
Let z = -37252 + 63134. Is z prime?
False
Let f = -3815 - -6927. Let k = f + -1697. Is k composite?
True
Let a = -4572 - -42234. Suppose -3*b - o + a = -2*b, 4*b - 150673 = o. Is b a prime number?
False
Let b = 540 - 535. Suppose -4*y = -2*l - 647 - 2815, b*l = y - 861. Is y a composite number?
True
Let j = 840149 - 585838. Is j prime?
False
Let f = -451581 - -1005512. Is f composite?
True
Let r(g) = -239*g + 9. Let f be r(-3). Suppose 0 = -3*k - f - 57. Let q = k - -462. Is q composite?
True
Suppose 3*n - 3*i = -141, -8*n = -5*n + 4*i + 127. Let c = -41 - n. Suppose c*p + 9251 = 5*q, -3*q = q - p - 7392. Is q a prime number?
True
Suppose -2*u - f = -2056 - 39, -4*u + 4200 = 4*f. Let z = u + -730. Let r = -52 + z. Is r composite?
False
Let k be 2 + -2 - (0 - 2). Is k - 227*(-5 + 0) a composite number?
True
Let m = -1261506 - -2369257. Is m a composite number?
False
Let p(u) = 8991*u + 14. Let k be p(2). Suppose 5*y = 16409 + k. Is y a composite number?
True
Suppose -44*f + 91*f - 518716 = 43*f. Is f prime?
False
Let u be -984 - ((-10 - -6) + 4). Let t = u - -5041. Is t composite?
False
Suppose 2*z - 12*z - z + 2364329 = 0. Is z prime?
True
Suppose 24*j + 132*j - 19670820 = 0. Is j prime?
False
Let a be (-645153)/(-21) - (-7)/((-343)/(-21)). Let q = a - 9721. Is q a composite number?
False
Is 14*((-54)/12)/9 - -238692 prime?
False
Suppose -y - y = -4. Suppose -95256 = -3*p + 3*o, 126973 = y*p + 2*p + 3*o. Is p composite?
True
Let i(y) be the first derivative of -y**3/3 + 7*y**2/2 + 2*y + 8. Let b be i(7). Suppose b*u = -2*u + 1172. Is u prime?
True
Let o(h) = 16*h**2 + 14*h + 11. Suppose 35 = w + 3*l, -5*l = 5*w - 136 + 11. Suppose -w = 9*n - 7*n. Is o(n) a composite number?
False
Let x(t) = 127*t - 59. Let u(m) = 252*m - 117. Let y(i) = -2*u(i) + 5*x(i). Is y(10) prime?
True
Suppose 0 = 3*b - 2*b - 0*b. Suppose -5*j - 53 = 5*h - 458, 4*j - 2*h - 312 = b. Is j prime?
True
Let q(b) = 1469*b - 1373. Is q(14) a composite number?
True
Is ((-828401)/28)/(56/(-224)) a composite number?
False
Let j be (100/10)/(-30) - (-20827)/3. Let o = 13781 - j. Is o prime?
False
Let c be 2/((-16)/(-12))*(-70)/(-3). Suppose -c*i + 32*i = 0. Is (-52)/2*-32 + -1 + i a prime number?
False
Let q = 553 - 549. Is (-2)/4*q + (12 - -5055) composite?
True
Is (-155233 - 14)*(-8)/24 prime?
True
Let s(c) = 531*c**3 - 13*c**2 - 11*c + 31. Is s(4) composite?
True
Let i = 97 + -137. Suppose -9*r + 12*r = 6. Is (-3780)/i - r/(-4) a composite number?
True
Let t(p) = 5047*p**3 + 6*p**2 + 4*p - 5. Is t(6) composite?
False
Suppose 76987 + 146429 = 2*z + 2*v, -3*v = -3*z + 335154. Is z prime?
False
Suppose 0 = -10*a + 3*a + 28. Let c be a/6*(-966)/(-4). Suppose -183 = -8*i + c. Is i composite?
False
Let o(p) = -3*p**2 + 74*p + 63. Let c(s) = -s**2 + 25*s + 21. Let g(y) = -11*c(y) + 4*o(y). Let z = -7 - -24. Is g(z) composite?
False
Let b = 591600 + -343127. Is b a prime number?
True
Suppose -502*n + 498426 = -470431 + 29615. Is n a composite number?
False
Suppose -3*n - n = -8. Let d be -2 - (n/4)/(13/(-104)). Suppose d*i - 4*r - 414 = 0, i + 4*r - 422 = -i. Is i composite?
True
Suppose -3*a + 5*x = -155448, 19*a + 259061 = 24*a - 2*x. Is a a prime number?
False
Let y(j) = 1643*j**2 - 469*j - 7. Is y(11) composite?
True
Let w = -28030 + 636177. Is w composite?
False
Let d be (-7)/14 + (-13)/(-4)*-2. Let v be (6/(-21))/(0 + 1/d). Is 3 - v/(-3)*(-426)/(-4) composite?
True
Let p(q) be the second derivative of -4*q**3 + 1373*q**2/2 - 23*q + 2. Is p(0) a prime number?
True
Let v(z) = z**2 + 12*z - 153. Let b be v(-20). Suppose 0*i - b*i + 113253 = 0. Is i a composite number?
True
Suppose -11*s + 42 = -35. Suppose s*k = 3992 + 8510. Suppose 3*l - 2180 = -3*v + k, -5*v = -l + 1304. Is l a prime number?
True
Suppose -6*p + 93260 = -16*p. Let n = p + 16965. Is n a composite number?
False
Let n(h) = 12*h + 35. Suppose y - 4*y - 4*d = -39, 0 = 4*y - 4*d - 52. Let i be n(y). Suppose 2*x = x + i. Is x a composite number?
False
Suppose 0*o = 5*o + i - 190454, 0 = -o + 3*i + 38094. Is o composite?
True
Let u = 45 - 19. Suppose -4*f = p - 69, 0*p + 2*p = -f + u. Is 30776/f*(-2 - -8)/3 a composite number?
False
Let m(c) = -718*c - 6. Let i(l) = -719*l - 7. Let y(f) = 3*i(f) - 4*m(f). Is y(4) prime?
False
Let h(n) = 4*n**2 + 19*n - 5. Let s be h(-6). Suppose -s*u - 2*u + 153873 = 0. Is u a composite number?
True
Suppose -5 = 4*l + 5*u, 4*u + 4 = -0. Suppose -m - 2*o + 1889 = l, 2*m + o - 1889 = m. Is m a composite number?
False
Suppose -v = -4*v - 5*r + 10, -3*r - 28 = -5*v. Is (v + -12 + 5)/(2/(-9277)) a composite number?
False
Suppose 0 = -49*j + 44*j + 170. Let m = j + -32. Suppose 5*k - m*x - 3073 = 0, -3*x = -4*x - 4. Is k a composite number?
False
Suppose -124*q - 202791 + 856643 = 0. Is q a composite number?
False
Suppose -150 - 106 = -4*c. Let f = 15 - c. Let i = 128 + f. Is i composite?
False
Suppose -5*m + 345*r + 515035 = 340*r, m + 2*r = 102989. Is m composite?
False
Suppose 7647196 + 490862 = 186*w. Is w composite?
False
Suppose 6*o - 21*o = -30. Suppose 165 = -n + 6*n. Suppose -o*s - n = -199. Is s prime?
True
Let s be ((-2)/4)/(15/(-60)). Suppose s*b - 5*b = -5157. Is ((-22)/(-33))/(2/b) prime?
False
Let k be (3 - 2) + -8 + 3. Let y be 9/((-18)/(-12488)) + k. Suppose -3*b + 4*b = -r + 1561, y = 4*r + 2*b. Is r a prime number?
True
Let d(p) = 23706*p - 1243. Is d(21) a prime number?
True
Let v be 4/(-24) - (-2)/12. Let w be 3412 + v*(-1)/(-3). Suppose -7*u = -3*u - w. Is u a prime number?
True
Let q(l) = 4*l**2 - 4*l - 7. Let s be q(4). Let w(d) = -d**3 + 43*d**2 + 63*d - 96. Is w(s) a prime number?
True
Suppose p - 5*p = 60. Let c(r) = -202*r + 79. Is c(p) a composite number?
False
Let s be 0*2/10*(-1)/(-2). Let x(z) = z**2 - 2*z + s*z**2 + 281 - 285. Is x(23) a prime number?
True
Suppose -3 